{"id":226,"date":"2026-03-03T09:49:26","date_gmt":"2026-03-03T09:49:26","guid":{"rendered":"https:\/\/funduszkopernikanski.pl\/?page_id=226"},"modified":"2026-03-03T09:49:26","modified_gmt":"2026-03-03T09:49:26","slug":"polityka-prywatnosci","status":"publish","type":"page","link":"https:\/\/funduszkopernikanski.pl\/?page_id=226","title":{"rendered":"Polityka prywatno\u015bci"},"content":{"rendered":"\n<p><strong>Co to jest RODO ?<br><\/strong>Jest to powszechnie stosowany skr\u00f3t Rozporz\u0105dzenia o Ochronie Danych Osobowych.<br><strong>Jaki jest cel RODO ?<br><\/strong>Celem regulacji jest ujednolicenie zasad przetwarzania danych osobowych na terenie UE.<br><strong>Od kiedy stosujemy RODO ?<br><\/strong>Od 25.05.2018 roku.<br><strong>Co znajduje si\u0119 w dokumencie ?<br><\/strong>Informacje, w jaki spos\u00f3b chronimy i przetwarzamy Pa\u0144stwa dane osobowe.<br><strong>Szanowna Pani, Szanowny Panie<br><\/strong>W zwi\u0105zku z wej\u015bciem w \u017cycie \u2013 w dniu 25 maja 2018 roku \u2013 rozporz\u0105dzenia Parlamentu Europejskiego i Rady (UE) 2016\/679 z dnia 27 kwietnia 2016 r. w sprawie ochrony os\u00f3b fizycznych w zwi\u0105zku z przetwarzaniem danych osobowych i w sprawie swobodnego przep\u0142ywu takich danych oraz uchylenia dyrektywy 95\/46\/WE (og\u00f3lne rozporz\u0105dzenie o ochronie danych osobowych) dalej zwanym RODO; Dz. Urz. UE L 119 z 04.04.2016, s.1; Kujawsko-Pomorska Federacja Organizacji Pozarz\u0105dowych zwany dalej Federacj\u0105 niniejszym informuje, \u017ce od dnia 25 maja 2018 r. aktualne b\u0119d\u0105 poni\u017csze informacje i zasady zwi\u0105zane z przetwarzaniem danych osobowych przez Federacj\u0119:<\/p>\n\n\n\n<ol class=\"wp-block-list\">\n<li><strong>Kto jest Administratorem Pani\/Pana danych osobowych?<br><\/strong>Administratorem Pani\/Pana danych osobowych jest Kujawsko-Pomorska Federacja Organizacji Pozarz\u0105dowych z siedzib\u0105 w Toruniu, przy ul. Fosa Staromiejska 30\/3,<br>87-100 Toru\u0144, KRS 0000356535,REGON 340759291,<br>NIP 956-227-18-84<\/li>\n\n\n\n<li><strong>Osoba do\u00a0kontaktu w\u00a0sprawach zwi\u0105zanych z\u00a0przetwarzaniem danych osobowych.<br><\/strong>Stowarzyszenie wyznaczy\u0142o osob\u0119 kontaktow\u0105 w sprawach zwi\u0105zanych z przetwarzaniem danych osobowych, z kt\u00f3r\u0105 mo\u017cna skontaktowa\u0107 si\u0119 poprzez e-mail: federacja@federacja-ngo.pl<\/li>\n\n\n\n<li><strong>Informacja o danych osobowych, kt\u00f3re pozyskuje i przetwarza federacja:<br><\/strong>Podczas zapisywania na wydarzenia, szkolenia prosi Pa\u0144stwa o podanie:<br>\u2013 imienia i nazwiska<br>\u2013 danych kontaktowych np. telefon, e-mail<br>W czasie uczestnictwa w wydarzeniach przetwarzane s\u0105:<br>\u2013 dane wymagane do zg\u0142oszenia <br>\u2013 zdj\u0119cia i filmy;<br><\/li>\n\n\n\n<li><strong>W jakim celu i na jakiej podstawie wykorzystujemy Pani\/Pana dane osobowe ?<br><\/strong>Pani\/Pana dane b\u0119d\u0105 przetwarzane:<\/li>\n<\/ol>\n\n\n\n<p>a) w\u00a0celu realizacji zada\u0144 zwi\u0105zanych ze\u00a0\u015bwiadczeniem us\u0142ug realizowanych przez\u00a0Federacj\u0119 zar\u00f3wno za\u00a0Pani\/Pana zgod\u0105\u00a0<br>\u2013 podstaw\u0105 prawn\u0105 przetwarzania danych osobowych jest art. 6 ust. 1a RODO jak i na podstawie zawartych um\u00f3w \u2013 podstaw\u0105 prawn\u0105 przetwarzania danych osobowych jest art. 6 ust. 1b RODO;<br>b) dla cel\u00f3w wype\u0142niania obowi\u0105zk\u00f3w prawnych ci\u0105\u017c\u0105cych na Federacji na podstawie powszechnie obowi\u0105zuj\u0105cego prawa, w tym przepis\u00f3w podatkowych oraz z zakresu rachunkowo\u015bci \u2013 podstaw\u0105 prawn\u0105 przetwarzania danych osobowych jest art. 6 ust. 1c RODO;<br>c) dla cel\u00f3w analitycznych i statystycznych \u2013 podstaw\u0105 prawn\u0105 przetwarzania danych osobowych jest prawnie uzasadniony interes Federacji art. 6 ust. 1f RODO;<br>d) w celu realizacji prawnie uzasadnionego interesu Federacji polegaj\u0105cego na ewentualnym ustaleniu i dochodzeniu roszcze\u0144 lub obronie przed roszczeniami \u2013 podstaw\u0105 prawn\u0105 przetwarzania danych osobowych jest prawnie uzasadniony interes Federacji art. 6 ust. 1f RODO;<br>e) ponadto Pani\/Pana dane  b\u0119d\u0105 wykorzystywane do m.in.:<br>\u2013 lista danych kontaktowych ;<br><strong>5. Komu przekazujemy Pani\/Pana dane osobowe ?<br><\/strong>Odbiorcami Pani\/Pana danych osobowych mog\u0105 by\u0107:<br>a) podmioty \u015bwiadcz\u0105ce us\u0142ugi zwi\u0105zane z bie\u017c\u0105c\u0105 dzia\u0142alno\u015bci\u0105 Federacji;<br>b) dostawcy system\u00f3w informatycznych oraz us\u0142ug IT;<br>c) organy uprawnione do otrzymania Pani\/Pana danych osobowych na podstawie przepis\u00f3w prawa.<\/p>\n\n\n\n<p><strong>6. Czy b\u0119dziemy przekazywa\u0107 Pani\/Pana dane osobowe do pa\u0144stw trzecich, organizacji mi\u0119dzynarodowych lub poza Europejski Obszar Gospodarczy (EOG)?<br><\/strong>Obecnie nie planujemy przekazywa\u0107 Pani\/Pana danych osobowych do pa\u0144stwa trzeciego, organizacji mi\u0119dzynarodowej lub poza EOG (obejmuj\u0105cy Uni\u0119 Europejsk\u0105, Norwegi\u0119, Liechtenstein i Islandi\u0119).<\/p>\n\n\n\n<p><strong>7. Na jaki okres czasu zbieramy Pani\/Pana dane osobowe ?<br><\/strong>Pani\/Pana dane osobowe b\u0119d\u0105 przetwarzane do czasu wykonania us\u0142ug \u015bwiadczonych przez Federacj\u0119 z uwzgl\u0119dnieniem okresu trwa\u0142o\u015bci projektu oraz 3-letniego okresu dochodzenia roszcze\u0144 cywilnoprawnych.<\/p>\n\n\n\n<p><strong>8. Informacje o zautomatyzowanym podejmowaniu decyzji oraz profilowaniu.<br><\/strong>Zautomatyzowanym podejmowaniem decyzji jest proces, w wyniku kt\u00f3rego decyzja zostaje wydana bez ludzkiej ingerencji. Podejmowane przez Federacj\u0119 dzia\u0142ania dotycz\u0105ce przetwarzania Pani\/Pana danych osobowych nie s\u0105 zautomatyzowane i nie wp\u0142ywaj\u0105 na Pani\/Pana sytuacj\u0119, a tak\u017ce na podejmowane przez Pani\u0105\/Pana decyzje. Profilowanie nale\u017cy rozumie\u0107 jako dowoln\u0105 form\u0119 zautomatyzowanego przetwarzania danych osobowych, kt\u00f3re polega na ich wykorzystaniu do oceny niekt\u00f3rych cech osoby fizycznej, w szczeg\u00f3lno\u015bci do analizy lub prognozy aspekt\u00f3w dotycz\u0105cych efekt\u00f3w pracy tej osoby fizycznej, jej sytuacji ekonomicznej, zdrowia, osobistych preferencji, zainteresowa\u0144, wiarygodno\u015bci, zachowania, lokalizacji lub przemieszczania si\u0119.<br>Informujemy, \u017ce\u00a0 nie zamierzamy profilowa\u0107 Pani\/Pana danych osobowych.<\/p>\n\n\n\n<p><strong>9. Jakie dane osobowe nale\u017cy nam poda\u0107 ?<br><\/strong>Warunkiem korzystania z niekt\u00f3rych  \u015bwiadcze\u0144 Federacji  jest podanie nam: imienia i nazwiska, adresu zamieszkania, nr\u00a0telefonu i innych danych wymaganych w zwi\u0105zku z realizacj\u0105 projekt\u00f3w.<br>Natomiast je\u015bli poda nam Pani\/Pan adres poczty elektronicznej i z\u0142o\u017cy odpowiedni\u0105 dyspozycj\u0119, znacznie u\u0142atwi nam to proces komunikacji.<\/p>\n\n\n\n<p><strong>10. Jakie przys\u0142uguj\u0105 Pani\/Panu uprawnienia w zwi\u0105zku z przetwarzaniem danych osobowych ?<br><\/strong>Przys\u0142uguje Pani\/Panu:<br>\u2013 prawo dost\u0119pu do swoich danych oraz otrzymywania ich kopii.<br>\u2013 prawo do sprostowania (poprawiania) swoich danych osobowych.<br>\u2013 prawo do usuni\u0119cia danych \u2013 je\u017celi Pani\/Pana zdaniem nie ma podstaw do tego, aby\u015bmy przetwarzali Pani\/Pana dane,<br>mo\u017ce Pani\/Pan za\u017c\u0105da\u0107 aby\u015bmy je usun\u0119li.<br>\u2013 ograniczenia przetwarzania danych.<br>Mo\u017ce Pani\/Pan za\u017c\u0105da\u0107 aby\u015bmy ograniczyli przetwarzanie Pani\/Pana danych osobowych wy\u0142\u0105cznie do ich przechowywania lub wykonywania uzgodniony z Pani\u0105\/Panem zada\u0144, je\u017celi Pani\/Pana zdaniem mamy nieprawid\u0142owe dane lub przetwarzamy je bezpodstawnie lub nie chce Pani\/Pan aby\u015bmy je usun\u0119li, bo b\u0119d\u0105 Pani\/Panu potrzebne do ustalenia, dochodzenia lub obrony roszcze\u0144 lub na czas wniesionego przez Pani\u0105\/Pana sprzeciwu wzgl\u0119dem przetwarzania danych.<br>\u2013 prawo do wniesienia sprzeciwu wobec przetwarzania danych.<br>Sprzeciw z uwagi na szczeg\u00f3lne sytuacje. Ma Pani\/Pan tak\u017ce prawo z\u0142o\u017cenia sprzeciwu wobec przetwarzania Pani\/Pana danych osobowych na podstawie prawnie uzasadnionego interesu w celach innych, ni\u017c marketing bezpo\u015bredni, a tak\u017ce je\u017celi przetwarzanie jest nam niezb\u0119dne do wykonania zadania realizowanego w interesie publicznym. Powinna Pani\/Powinien Pan wtedy wykaza\u0107 szczeg\u00f3ln\u0105 sytuacj\u0119, kt\u00f3ra Pani\/Pana zdaniem uzasadnia zaprzestanie przez nas przetwarzania obj\u0119tego<br>sprzeciwem. Przestaniemy w\u00f3wczas przetwarza\u0107 Pani\/Pana dane w&nbsp;tych celach, chyba, \u017ce&nbsp;podstawy przetwarzania przez&nbsp;nas<br>Pani\/Pana danych s\u0105 niezb\u0119dne wobec Pani\/Pana praw lub te\u017c, \u017ce Pani\/Pana dane s\u0105 nam niezb\u0119dne do ustalenia, dochodzenia lub obrony roszcze\u0144.<br>\u2013 prawo do przenoszenia danych.<br>Ma Pani\/Pan prawo otrzyma\u0107 od nas w ustrukturyzowanym, powszechnie u\u017cywanym formacie nadaj\u0105cym si\u0119 do odczytu maszynowego (np. format \u201ecsv\u201d dane osobowe dotycz\u0105ce Pani\/Pana, kt\u00f3re nam Pani\/Pan dostarczyli na podstawie umowy lub zgody. Mo\u017ce nam Pani\/Pan tak\u017ce zleci\u0107 przes\u0142anie tych danych bezpo\u015brednio innemu podmiotowi.<br>\u2013 prawo do wniesienia skargi do organu nadzorczego.<br>Je\u017celi uwa\u017ca Pani\/Pan, \u017ce przetwarzamy Pani\/Pana dane osobowe niezgodnie z prawem, mo\u017ce Pani\/Pan z\u0142o\u017cy\u0107 w tej sprawie skarg\u0119 do Prezesa Urz\u0119du Ochrony Danych Osobowych lub innego w\u0142a\u015bciwego organu nadzorczego.<br>\u2013 prawo do cofni\u0119cia zgody na przetwarzanie danych osobowych.<br>W ka\u017cdej chwili ma Pani\/Pan prawo cofn\u0105\u0107 swoj\u0105 zgod\u0119 na przetwarzanie tych danych osobowych, kt\u00f3re przetwarzamy na podstawie Pani\/Pana zgody. Cofni\u0119cie zgody nie b\u0119dzie wp\u0142ywa\u0107 na zgodno\u015b\u0107 z prawem przetwarzania, kt\u00f3rego dokonano na podstawie Pani\/Pana zgody przed jej wycofaniem.<\/p>\n\n\n\n<p>Z tych praw mo\u017ce Pani\/Pan skorzysta\u0107 przesy\u0142aj\u0105c wniosek na powy\u017cszy adres korespondencyjny lub na adres poczty elektronicznej:  federacja@federacja-ngo.pl<\/p>\n\n\n\n<p><strong>11. Informacja o dobrowolno\u015bci podania danych osobowych oraz konsekwencji ich nie podania.<br><\/strong>Podanie danych osobowych jest dobrowolne, jednak\u017ce niezb\u0119dne w celu zawarcia i wykonania niekt\u00f3rych us\u0142ug. Konsekwencj\u0105 niepodania danych osobowych wymaganych przez Federacj\u0119 jest brak mo\u017cliwo\u015bci skorzystania z niekt\u00f3rych us\u0142ug.<\/p>\n","protected":false},"excerpt":{"rendered":"<p>Co to jest RODO ?Jest to powszechnie stosowany skr\u00f3t Rozporz\u0105dzenia o Ochronie Danych Osobowych.Jaki jest cel RODO ?Celem regulacji jest ujednolicenie zasad przetwarzania danych osobowych na terenie UE.Od kiedy stosujemy RODO ?Od 25.05.2018 roku.Co znajduje si\u0119 w dokumencie ?Informacje, w jaki spos\u00f3b chronimy i przetwarzamy Pa\u0144stwa dane osobowe.Szanowna Pani, Szanowny PanieW zwi\u0105zku z wej\u015bciem w [&hellip;]<\/p>\n","protected":false},"author":1,"featured_media":0,"parent":0,"menu_order":0,"comment_status":"closed","ping_status":"closed","template":"","meta":{"saved_in_kubio":false,"footnotes":""},"class_list":["post-226","page","type-page","status-publish","hentry"],"kubio_ai_page_context":{"short_desc":"","purpose":"general"},"_links":{"self":[{"href":"https:\/\/funduszkopernikanski.pl\/index.php?rest_route=\/wp\/v2\/pages\/226","targetHints":{"allow":["GET"]}}],"collection":[{"href":"https:\/\/funduszkopernikanski.pl\/index.php?rest_route=\/wp\/v2\/pages"}],"about":[{"href":"https:\/\/funduszkopernikanski.pl\/index.php?rest_route=\/wp\/v2\/types\/page"}],"author":[{"embeddable":true,"href":"https:\/\/funduszkopernikanski.pl\/index.php?rest_route=\/wp\/v2\/users\/1"}],"replies":[{"embeddable":true,"href":"https:\/\/funduszkopernikanski.pl\/index.php?rest_route=%2Fwp%2Fv2%2Fcomments&post=226"}],"version-history":[{"count":1,"href":"https:\/\/funduszkopernikanski.pl\/index.php?rest_route=\/wp\/v2\/pages\/226\/revisions"}],"predecessor-version":[{"id":227,"href":"https:\/\/funduszkopernikanski.pl\/index.php?rest_route=\/wp\/v2\/pages\/226\/revisions\/227"}],"wp:attachment":[{"href":"https:\/\/funduszkopernikanski.pl\/index.php?rest_route=%2Fwp%2Fv2%2Fmedia&parent=226"}],"curies":[{"name":"wp","href":"https:\/\/api.w.org\/{rel}","templated":true}]}}